 + 5). Let x = v - -681. What is the units digit of x?
0
What is the units digit of (-331 + 0)*589/(-31)?
9
Let w(l) = -54*l - 1. Let t be w(-11). Suppose 0 = 28*f + t - 12633. What is the units digit of f?
0
Suppose 0*a + 23*a + 7659 = 0. Let l = a - -577. What is the tens digit of l?
4
Let k(f) = 22*f**2 + 41*f + 37. What is the tens digit of k(9)?
8
Let u = 199 - 103. Let i = u - -133. Let a = -113 + i. What is the hundreds digit of a?
1
Let k(u) = -26*u - 26. Let z be k(-18). Suppose -a - 116 + z = -l, -2*a = -5*l - 640. What is the units digit of a?
0
Let s be -3 - 11/(-11) - -3. Suppose 78 = -5*h + 818. What is the units digit of s*h/((-8)/(-2))?
7
Suppose 3*b = -d - 22, 0 = -d + 2*b - 9 - 23. Let o = d + -45. Let q = 81 + o. What is the units digit of q?
8
Suppose 1124220 = 148*o - 1746648 + 857032. What is the thousands digit of o?
3
Let s = -112 - -474. Suppose 113*l + s = 115*l. What is the hundreds digit of l?
1
Let v(c) = 14 + 4*c**3 - c + 5*c - 6*c - 2*c**2 + 14*c**3. What is the hundreds digit of v(4)?
1
Let h = 41261 - -1947. What is the units digit of h?
8
Suppose 6*h - 8820 = 9858. Suppose 3*b + h = 2*u + 2*u, -b = u - 773. What is the tens digit of u?
7
Let p be (3/(-6) + -3)*2*-1. Suppose -40 + 19 = -p*s. Suppose -s*z + 329 = 62. What is the units digit of z?
9
Suppose -11*y + 60811 + 39296 = 10*y. What is the tens digit of y?
6
What is the thousands digit of (14638 - -3) + 19 + -3?
4
Suppose 9 = -4*w - 5*o, 4*o = 3*w + 10 - 42. Let q be (1494/8)/(5/20). Suppose -w*b + q = 5*b. What is the units digit of b?
3
Let p(z) = 9*z**2 + 7 - 2 + 12 + 7*z + 1. Let t be p(7). Let b = t - 272. What is the units digit of b?
6
Suppose -97*b + 184107 = -94*b - n, -4*b + 245452 = -4*n. What is the ten thousands digit of b?
6
Let g = -28928 - -46306. What is the units digit of g?
8
Suppose -2*z + 10634 = 2*q, 15963 = 3*q - 18*z + 17*z. What is the thousands digit of q?
5
Let d(f) = 329*f - 32. What is the hundreds digit of d(12)?
9
What is the thousands digit of (-1)/(-4)*-3 + 20256020/496?
0
Let y = 7272 + -4290. What is the tens digit of y?
8
Suppose 4*h = 3*w + 1, -12*h = -8*h + 5*w - 41. Suppose h*n - 5*n + 2*k - 10 = 0, 3*n = 3*k - 39. What is the units digit of n/(3 + (-28)/8)?
2
Let n = 80228 - 40938. What is the thousands digit of n?
9
Suppose -17*r + 1768 = -16*r. Suppose 2*z - 881 = -5*v, 10*z - 6*z = -4*v + r. What is the hundreds digit of z?
4
Let f = 357 + -336. Suppose -1596 = 17*k - f*k. What is the hundreds digit of k?
3
Let k = 294 - 829. Let m = 670 + k. What is the hundreds digit of m?
1
Let l(w) = 3*w + w**3 - 5*w - 17*w**2 - 1 - 2*w + 10*w. Let q(i) = -i**2 + 17. Let f be q(0). What is the units digit of l(f)?
1
Let u = 24 + -18. Suppose -u*n = -n + 180. What is the units digit of 2/(-6) - 696/n?
9
Let c = -6698 - -12804. What is the thousands digit of c?
6
Suppose -7*g = -38*g - 1465990. What is the units digit of 2/(-6) - g/(-120)*-4?
6
Let l(p) = 40*p**2 + 6*p - 98. Let w(j) = 13*j**2 + 2*j - 32. Let i(a) = -2*l(a) + 7*w(a). What is the tens digit of i(5)?
5
Suppose -66910 = -16*b + 29778. What is the tens digit of b?
4
Suppose -2*j - 17 = 23. Let l = -17 - j. Suppose 4*o = 6*o - d - 411, l*o = 5*d + 620. What is the tens digit of o?
0
Let w = 372 + -369. Suppose 6*z = z + 80. Suppose -4*h = w*v - h - 12, -3*v = h - z. What is the units digit of v?
6
What is the hundreds digit of -11 + 2762858/56 + (-1)/(-4)?
3
Let k be (-14)/(-14) + (139 - -1). What is the hundreds digit of ((-6862)/k)/(2/(-9))?
2
Let l = 2894 + 17524. What is the tens digit of l?
1
What is the thousands digit of (-18 - -27880) + (-8 - 9)?
7
Let h = 25075 + -13149. What is the thousands digit of h?
1
Suppose -3*p = 13*p - 234080. Suppose 36*g + p = 47*g. What is the tens digit of g?
3
Suppose -11*q - 5*q + 25616 = 0. Suppose -x - q = -3*p, 0 = -x - x - 4. What is the tens digit of p?
3
Let v(z) = -z**3 - 8*z**2 + 3*z + 29. Let y be v(-8). Let l(p) = 73*p**2 - 15*p - 11. What is the hundreds digit of l(y)?
7
Suppose 390 = -4*n + 7*n. Let y = -307 + n. Let s = y - -263. What is the tens digit of s?
8
Let r(w) = 5*w**3 - 4*w**2 + 4*w + 4 - 14 - w**3 + w**3 + 4. What is the hundreds digit of r(5)?
5
Let o = -9372 + 15078. What is the units digit of o?
6
Suppose -25*o + 13*o + 4692 = 0. Let f = o + 576. What is the tens digit of f?
6
Suppose -8*a + 84864 = 28404 - 61972. What is the units digit of a?
4
Let m(a) = -a**2 - 244*a + 2448. What is the tens digit of m(-115)?
8
Let y(f) = -21*f - 2. Let r be y(8). Let m = r - -2. Let s = m - -235. What is the tens digit of s?
6
Let z(u) = 2*u**2 + 7*u - 23. Let y(q) = -5*q**2 - 21*q + 68. Let t(a) = 3*y(a) + 8*z(a). Let j be t(6). Suppose -x + 31 + j = 0. What is the tens digit of x?
4
Let w(o) = -o**3 - 7*o**2 + 7*o - 4. Let c be w(-8). Suppose c*s = -4*j + 128, 15 = -8*s + 5*s. Let y = -31 + j. What is the units digit of y?
6
Let k(b) = -8*b**3 + 10*b**2 - 36*b - 169. What is the thousands digit of k(-7)?
3
Let v = -48 - -57. Suppose 5*u = 11 + v. Suppose 0 = -3*g + 3*w + 372, 4*g - 2*g + u*w = 278. What is the hundreds digit of g?
1
Let r(m) = m**3 - 3*m**2 - 4*m + 6. Let z be r(4). Let c be z/(-39) + 1396/(-52). Let v = c + 78. What is the tens digit of v?
5
What is the hundreds digit of 187/(-55) - 5699140/(-100)?
9
Let w = -128 - -123. What is the hundreds digit of 1/w*(-2 - 2937 - -4)?
5
Suppose 11*r = 10*r - 5*q + 3204, 0 = -5*r - 2*q + 15997. What is the tens digit of r?
9
Let q = -120 - 511. Let w = q + 952. What is the tens digit of w?
2
Suppose 3*v - 43259 = 4*l, -2*v + 28840 = 3*l - 6*l. What is the thousands digit of v?
4
Suppose u + 4*t = -574, -1890 - 1048 = 5*u + 3*t. Let i = 1482 + u. What is the hundreds digit of i?
8
Suppose 6189 = o - 3366. What is the units digit of o?
5
Suppose -d - 1 + 6 = 0. Let r be (-735)/(-9) + d/15. Let c = r + -34. What is the tens digit of c?
4
Suppose -8*d + 3*d + 20 = 0. Suppose -6*l = -2*l + 2*z - d, -l + 4*z + 1 = 0. What is the tens digit of l/(-4) + 309/8*2?
7
Let d = 22 + -46. Let c = -22 - d. Suppose -2*j + 147 = -j - 4*u, -4*j + 518 = -c*u. What is the units digit of j?
7
Let b = -93 - -270. Suppose 0 = -171*a + b*a - 3228. What is the hundreds digit of a?
5
Let k(f) = 67*f**2 - 11*f - 387. What is the tens digit of k(-12)?
9
Let o(v) = 4*v**2 + 35*v - 13. Suppose 21*c = 15*c - 102. What is the tens digit of o(c)?
4
Let u be (-4)/(-18) + 0 - (-474)/54. Let c(x) = 8 + 5*x + u + 2. What is the units digit of c(12)?
9
Suppose -2*t = 5*m - 650, 0 = 5*m + 2*t + t - 650. Let u = 62 - m. Let c = u + 197. What is the hundreds digit of c?
1
Let q = -37596 + 70148. What is the units digit of q?
2
Let d = 441 + -447. What is the units digit of (-126)/(-16) + d/96*-2?
8
Let g(l) = -534*l - 2. Suppose 3*i - 7 = -5*f, -f - 13 = 2*i - 5*i. Let y be g(f). Suppose o + y = 8*o. What is the units digit of o?
6
What is the hundreds digit of 734/(1854/477 - 4)*-3?
4
Suppose -9 = -3*j, -254*h + 4*j = -258*h - 712. Let t(l) = -24*l + 3. Let b be t(3). Let c = b - h. What is the hundreds digit of c?
1
Let m(g) = 2*g**2 - g + 5. Let c be m(3). Suppose 0 = 5*l - 70 + c. Suppose 0*y = -l*y + 130. What is the tens digit of y?
1
Let l = -457 + 51. Let v = l - -855. What is the hundreds digit of v?
4
Let o be -98*-2*(-6)/16*-12. Suppose 0 = 12*l - 21*l + o. What is the tens digit of l?
9
Let u = 391 - 391. Suppose 28*m + 6559 - 25935 = u. What is the tens digit of m?
9
Let n(x) be the third derivative of -47*x**4/12 + 5*x**3/3 + 12*x**2 - 2*x. What is the units digit of n(-2)?
8
Suppose -368174 - 378447 = -128*l + 2435. What is the thousands digit of l?
5
Suppose -1067 = -v + 5*z, 2*v + 5*z + 4223 = 6*v. Suppose 5*u - 3139 = -3*p, -4*u = -7*p + 6*p + v. What is the units digit of p?
8
Let z = 7 - 2. Suppose 0*l = -5*l + 30. Suppose -l*w + z*y = -w - 240, -w + 2*y + 44 = 0. What is the units digit of w?
2
Let a(n) = -n**2 - 7*n + 15. Let w = 112 - 120. Let u be a(w). Suppose 0 = -3*j + u*j - 908. What is the tens digit of j?
2
Let n be (4 - 4) + (-12)/2. What is the units digit of (n + 4 - -618)*(-2)/(-4)?
8
Suppose 253427 - 600318 = -71*a + 976691. What is the hundreds digit of a?
6
Let p(j) = j - 10. Let q be p(14). Suppose -42 = q*u - 54. Suppose -6 = -u*z, a - 3*z - 74 = -0*z. 